10*x + 11. Let m be v(-9). Suppose 2*r - 17 = -a - m*a, 0 = -2*r + 4*a + 38. What is the greatest common divisor of 26 and r?
13
Let x be ((-50)/(-15))/(6/45). Calculate the greatest common divisor of x and 225.
25
Let p(b) = 4*b**2 - 2*b - 1. Let r be p(3). Let q(t) = -t - 3. Let w be q(-5). Suppose w*z - r = 7. What is the greatest common divisor of 45 and z?
9
Let l = 4 - 2. Let f be (-1)/2*l - -22. Suppose 15 = 2*r - 13. Calculate the greatest common divisor of f and r.
7
Suppose -67 = -4*o - 11. Let c = 1 - -41. Calculate the highest common divisor of o and c.
14
Suppose -2*t = d + 3*t, 5*d + 28 = 3*t. Let n = -3 - d. Calculate the highest common divisor of n and 4.
2
Suppose -m - 6 = -2*m. Suppose o - 17 + 1 = 2*k, -3*o + 5*k + 43 = 0. Let g(n) = -n**2 + 8*n - 3. Let i be g(o). What is the highest common factor of m and i?
3
Suppose -q = -3*q + 346. Suppose 0 = -r - 3*w + q - 59, -3*w - 210 = -2*r. Suppose -2*n - 4 = -28. What is the highest common divisor of n and r?
12
Let c = 101 - 97. What is the greatest common divisor of 44 and c?
4
Let g be (10/4)/(24/48). Suppose 0*u = 5*u + 5*n - 150, -125 = -4*u - 5*n. Calculate the greatest common factor of u and g.
5
Let l(i) = 19*i**3 + i**2. Let q(c) = c. Let d be q(1). Let g be l(d). Calculate the highest common factor of g and 30.
10
Let g(b) be the first derivative of 2*b**3 + b**2 - 4. Let j be g(2). Calculate the greatest common factor of j and 7.
7
Suppose o = 3*o - 52. Calculate the highest common divisor of 130 and o.
26
Suppose h - 21*h = -560. Suppose -3*v + 7 = -c - 15, 0 = 3*v + 2*c - 19. What is the greatest common divisor of v and h?
7
Let v(a) = -a**2 + 26*a - 9. Let t be v(23). What is the greatest common factor of 24 and t?
12
Suppose 4*p - 124 = 52. Calculate the highest common factor of p and 4.
4
Let x be 0/2 + 0 + 3. What is the highest common factor of 1 and x?
1
Let v be ((-80)/30)/((-2)/3). Calculate the highest common divisor of v and 8.
4
Suppose -10 = -0*b - 5*b. Let f(o) = o. Let i be f(b). Suppose -c + i*c = 40. What is the highest common factor of 5 and c?
5
Let k be 3/9 - 16/(-6). Suppose -g = 5*h + g - 274, -k*g = 9. Calculate the highest common divisor of h and 7.
7
Suppose 4*g = -4*w + 16, 2*w - 3 + 1 = 0. Let c = -10 + 4. Let r be 1 - (-3)/(c/(-52)). Calculate the highest common divisor of g and r.
3
Let j(m) = m**2 - 8*m + 7. Let v be j(8). Calculate the highest common divisor of v and 49.
7
Let k = -25 - -16. Let s be (-286)/k + (-8)/(-36). What is the greatest common factor of s and 48?
16
Suppose -5*s - 2*i + 21 = -5*i, s + 1 = -2*i. Suppose 18 = -s*d + 6*d. Suppose 5*q + 10 = d*q. What is the greatest common factor of 15 and q?
5
Suppose -4*n = -36 - 8. Suppose 0 = -3*o + 2 - n. Let x be (20/(-6) + -2)*o. What is the highest common divisor of 176 and x?
16
Suppose -2*v + v = 13. Let r = v + 27. Calculate the highest common divisor of r and 2.
2
Let p = 9 - 0. What is the highest common factor of p and 81?
9
Let t = 136 + -61. Suppose 0 = q + 1 - 31. Calculate the highest common divisor of t and q.
15
Let p be -1 + 3 + 0 - -28. Let s = -35 + 41. What is the greatest common factor of s and p?
6
Let k(p) = -p + 1. Let m(r) = 10. Let n(q) = -3*k(q) - m(q). Let v be n(11). What is the highest common factor of v and 8?
4
Let w = 570 - 339. Let l = 0 + -24. Let n = 45 + l. What is the highest common factor of w and n?
21
Suppose -c + 65 = t, 2*c = 5*t - 157 - 168. Calculate the highest common factor of 13 and t.
13
Suppose 3*y - 63 = -v - 7, v + 88 = 5*y. Suppose -3*r + y - 3 = 0. Suppose -10 - 50 = -r*z. What is the greatest common factor of 24 and z?
12
Suppose 4*x - 2 = 18, -3*x - 7 = -i. What is the greatest common factor of i and 198?
22
Let m = -23 + 28. Calculate the highest common factor of m and 2.
1
Let k = 68 + -62. What is the highest common divisor of k and 66?
6
Let o(h) = -6*h**2 + h**3 + 3*h**3 + h - 3*h**3 - 3. Let d be o(6). Let q be (-8)/(-6)*d*8. What is the greatest common divisor of q and 4?
4
Let f = 2 - 0. Suppose -n + 23 = x + 6, -5*x + 88 = f*n. Let s = 60 + -15. What is the highest common divisor of x and s?
9
Let p(g) = 29*g - 6. Let f be p(4). Suppose 33 = i + 3*h, 4*i - h = -2*h + f. Calculate the greatest common factor of 9 and i.
9
Let z = 155 + -92. What is the greatest common factor of z and 7?
7
Let a(z) = z**3 + 9*z**2 - 4*z + 9. Suppose 3 = -5*m + 4*m - 5*s, -4*m - 28 = 4*s. Let q be a(m). What is the greatest common factor of 15 and q?
15
Let o = -6 + 3. Let k = 3 + o. Suppose k*n + 28 = n. What is the greatest common divisor of 42 and n?
14
Let c(u) = -u**3 + 8*u**2 - 7*u + 6. Let l be c(6). Suppose -4*g + 2 = -74. Let s = 5 + g. Calculate the highest common factor of l and s.
12
Let v = -33 - -49. Let g = v - -6. Suppose 0 = -3*j + 2*j + 11. Calculate the greatest common factor of g and j.
11
Let v(z) be the second derivative of 7*z**4/12 + 2*z**3/3 + 6*z. Let d be v(2). What is the greatest common factor of d and 9?
9
Let u be 2/6 - 7/3. Let x = u - -3. Suppose -2*f = -5*d + 58, 7*d - 3*d - 2*f - 48 = 0. Calculate the highest common divisor of d and x.
1
Suppose 0 = -11*r + 8*r + 30. What is the highest common factor of 30 and r?
10
Let c = -61 + 120. Let r = c - -51. Let z(o) = -6*o - 2. Let h be z(-2). Calculate the highest common divisor of h and r.
10
Suppose w + 4*v = 82, -2 = -5*v + 13. Let r be 20/w - (-304)/14. Calculate the greatest common factor of 44 and r.
22
Suppose 3*h + 2*p = 94 - 36, 4*h - 82 = -5*p. Calculate the highest common factor of h and 36.
18
Let c be (-36*(-3 + 1))/(9/6). What is the greatest common factor of c and 6?
6
Let u be (-4)/(4*(-2)/180). Calculate the highest common divisor of u and 36.
18
Let a = 161 - 149. Calculate the greatest common factor of a and 108.
12
Suppose -w = 2*k - 0*k - 6, 0 = -5*w - 4*k + 12. Suppose w = -4*l + 2*j, 8*j - 3*j = -10. Let d = l - -64. Calculate the greatest common factor of 7 and d.
7
Let v be 230/25 - 1/5. Let k(j) = j - 8. Let g be k(-6). Let b = -8 - g. What is the greatest common divisor of b and v?
3
Let t be (-4)/16 - 820/(-16). What is the greatest common factor of t and 17?
17
Let l = 9 - -1. Let c be (-4)/l - 102/(-5). Let o = 4 + 1. Calculate the highest common factor of c and o.
5
Let x be (-1076)/(-10) + (-4)/(-10). Suppose 7*s - 3*s - 16 = 0. Suppose 0 = -s*u + 40 + 8. What is the highest common divisor of u and x?
12
Let r(s) = -s**3 - 6*s**2 - 3*s. Let w be r(-4). Let f be 1/2 - 70/w. Suppose 4*y + x = 6, 3*y = -2*x + 3 - 1. Calculate the highest common factor of y and f.
2
Suppose j - 1 - 1 = 0. Suppose -4*t = -5*s, j*s = 3*s + 5*t - 29. Suppose -f = -s*r - 7 - 9, -4*r - 24 = -2*f. Calculate the highest common divisor of 32 and f.
8
Let f(d) = 16*d - 40. Let v be f(20). What is the highest common divisor of v and 35?
35
Let n = 47 - 23. Suppose l + n = -0*y + 3*y, -4*l - 6 = -2*y. Calculate the greatest common factor of y and 6.
3
Let a(i) = -3*i**3 - i**2 + 2*i + 2. Let q be a(-2). Let z be ((-4)/6)/((-3)/q). Calculate the highest common factor of 4 and z.
4
Let i(b) = 6*b - 9. Let p be i(3). What is the greatest common divisor of 6 and p?
3
Let d be (5/(-6))/((-3)/18). Suppose -60 = -0*p - d*p. Calculate the greatest common factor of 4 and p.
4
Let j(p) = p**3 - 13*p**2 - 13*p - 4. Let z be j(14). Suppose 3 = w - 2, 2*w + 140 = 3*q. Calculate the greatest common divisor of z and q.
10
Let l be 335 + (3 - 7)/(-4). What is the greatest common divisor of l and 12?
12
Let h(d) = d**3 + 2*d**2 + d. Let x be h(3). What is the highest common factor of 432 and x?
48
Suppose -2*s + 6 = s. Suppose s*y + 2*w = 9 + 59, -171 = -5*y - 4*w. What is the highest common factor of 7 and y?
7
Let t = -11 + 16. Suppose -o - 2*u - t = 2, 0 = u + 3. Let n be ((-27)/12)/(o/4). What is the greatest common divisor of n and 81?
9
Suppose 6 = -x + 9. Let a = 16 - 9. Suppose 2*v = a*v - 45. What is the greatest common factor of v and x?
3
Suppose -107 = -6*a - 35. Let c be ((-56)/a)/(2/(-9)). Calculate the highest common divisor of 231 and c.
21
Suppose 2*z = 0, 4*r - 3*z - 2*z - 80 = 0. Calculate the greatest common divisor of 100 and r.
20
Suppose 0*v - 5 = -5*v. Let u be (-56)/(-1) + -2 + v. Let h = 28 - 17. Calculate the highest common factor of u and h